 22 and f.
22
Let s(r) = -r**2 - 16*r - 2. Let h be s(-6). Calculate the greatest common factor of 145 and h.
29
Suppose 4*y + 4*l = -443 - 113, -275 = 2*y + 5*l. Let n = -42 - y. What is the highest common divisor of 14 and n?
14
Suppose 3*z + p = 4, 0 = -3*p + 2 - 8. Let q be 8 - (0 + z + -3). Suppose h - 2 - q = 0. Calculate the greatest common factor of h and 99.
11
Let g(h) = -10 + 11 + 26*h**3 - 2*h - 2*h**2 + 3*h**2. Let v be g(1). What is the highest common divisor of 260 and v?
26
Let r be 1058/5 + 16/40. Suppose 0 = o - 4*o + 5*u + 305, 2*o + u = r. What is the highest common divisor of o and 42?
21
Suppose 2*d - 6*d + 12 = 0. Let a(m) = 0*m**d - 4*m**3 + 1 + 5*m**3 + m. Let n be a(2). Calculate the greatest common divisor of 22 and n.
11
Let z = 2 + 26. Suppose -u - z = -3*u. What is the greatest common factor of 126 and u?
14
Suppose -3*r + 0*r = -288. Suppose z - 10 - 7 = 5*k, -5*z + 5*k = -65. What is the highest common factor of z and r?
12
Let l = -54 + 86. Calculate the greatest common divisor of 4 and l.
4
Suppose 6 = -2*l, -9 - 30 = -3*a - 5*l. What is the highest common divisor of 144 and a?
18
Suppose -3*j + 7*j = 252. What is the greatest common factor of 9 and j?
9
Let b = -4 + 17. Calculate the highest common divisor of b and 2.
1
Let r = -8 + 8. Let c be (-1 + r)*-1 + 7. What is the greatest common divisor of 88 and c?
8
Suppose -3*g + 10 = 2*g. Let b be 6/(-3 + g)*-5. Suppose 3*v - b = -2*v - 5*s, 2*v = -4*s + 10. Calculate the greatest common divisor of 7 and v.
7
Suppose -2*o + o = -4. What is the highest common divisor of o and 16?
4
Let l be (-4)/(1 + -5)*63. Suppose 0 = -4*p - 2*q + 28, -4*q - 28 = -2*p - 2*p. What is the highest common factor of p and l?
7
Let q(m) = m**3 - 5*m**2 - 4*m + 5. Let p be q(6). What is the highest common divisor of 153 and p?
17
Let r(o) = -o**2 - 5*o - 1. Let s be r(-2). Suppose s*t = n - 20 - 1, 4*n - 4*t = 36. Calculate the highest common divisor of 4 and n.
2
Let v(k) = 36*k**2 - k. Let j be v(1). What is the greatest common factor of 315 and j?
35
Let o(t) = -33*t**3 + 3*t - 2. Let m be o(1). Let r = 54 + m. Calculate the highest common divisor of 11 and r.
11
Suppose -7*r + 18 = -r. Suppose -r*j + 1 = -29. Calculate the highest common factor of 80 and j.
10
Suppose 0 = 5*l - 2*l - 210. Suppose -3 = -5*w + 47. Calculate the greatest common divisor of w and l.
10
Let x be (8/12)/((-2)/(-54)). Let s be (-1 + 2 + -5)*-1. Suppose -d = 5*g - 363, -s*g - d + 412 - 121 = 0. What is the greatest common factor of g and x?
18
Let v be 1617/55 + (-2)/5. What is the greatest common divisor of v and 261?
29
Let h = -2 - -4. Suppose -j = -h*j + 15. Suppose 5*c = -2*q + 233, 0 = -c + q - 6*q + 65. Calculate the greatest common factor of j and c.
15
Let v(n) = 5*n**2 - 2*n - 2. Let h be v(-1). What is the greatest common divisor of h and 5?
5
Suppose -8 = -4*z, 2*f - 5*z = -2 - 2. Let u be (-9 - 0)/(6/(-18)). What is the highest common divisor of u and f?
3
Let s be 2/(-3)*(-18)/4. Suppose 108 = m + s*m. Suppose c - p + 72 = 5*c, -4*c + 72 = -p. Calculate the greatest common divisor of c and m.
9
Let x be (-1)/(2*4/(-16)). Suppose -4*h + 2 + 4 = 3*g, -6 = -3*g + x*h. What is the highest common factor of g and 18?
2
Let n be (10/(-15))/(4/822). Let q = -25 - n. What is the greatest common divisor of q and 14?
14
Let f = -6 - -7. Let x be (f - 0)*-2 + 54. Calculate the greatest common factor of x and 13.
13
Let w(g) = 15*g**3 + g**2 + g - 2. Let r be 8/(-12)*(-3)/2. Let m be w(r). What is the highest common factor of 60 and m?
15
Suppose 2*y = -0*y - 112. Let v = 0 - y. Suppose -3*l + 15 = 2*f, -4*f + f + 26 = 5*l. What is the greatest common factor of v and l?
7
Suppose -s + 20 = -2*s. Let l be (-4)/s - (-102)/15. Calculate the greatest common divisor of 7 and l.
7
Suppose s = 5*s + 1168. Let a = s + 435. Calculate the highest common factor of a and 13.
13
Let y be 1/(-6)*8 - 386/(-6). What is the highest common divisor of y and 9?
9
Let m be 0/(-5) - (1 - 67). Let c be 204/10 - 2/5. Suppose 4*p + m = 5*k, 5*p = -3*k + c + 27. What is the highest common divisor of k and 42?
14
Let l(s) = s**2 + 6*s - 2. Suppose -4*c + 0*d + d - 35 = 0, -5*d = -4*c - 47. Let n be l(c). Let f = 22 - n. Calculate the highest common factor of f and 32.
8
Let p = 18 - 51. Let v be 15*2*p/(-9). What is the highest common divisor of 10 and v?
10
Suppose 3*s - o = 3*o + 15, -s - 2 = o. Let a be (3/9)/(s/9). Suppose -a*n = -4*n + 18. Calculate the greatest common divisor of n and 18.
18
Let p be (-3)/2*60/(-45). Suppose 0 = 4*t - 4*w - 33 - 43, 0 = -3*t - p*w + 52. Calculate the highest common divisor of 12 and t.
6
Let o(s) = s**2 - 8*s + 7. Let b be o(7). Let c(h) = -h**2 + 3. Let q be c(b). Let u = 9 + q. What is the highest common factor of u and 132?
12
Let d(k) = -18*k**2 - 9*k + 2. Let w(m) = 9*m**2 + 4*m - 1. Let i(u) = 4*d(u) + 9*w(u). Let b be i(-1). What is the highest common divisor of 24 and b?
8
Suppose b - 149 = 2*h - 53, 3*h = -5*b + 441. Suppose 0 = 2*p + p - b. Suppose 50 = 5*k - p. What is the highest common divisor of 8 and k?
8
Let r be 76/8 - 6/4. Let z be (-265)/(-4) + r/(-32). Let d be z/8 + (-3)/12. What is the greatest common factor of d and 64?
8
Let c = 21 + -9. Let n = 26 - 16. Let l be ((-15)/n)/((-1)/c). What is the greatest common divisor of l and 72?
18
Let s(u) = u**2 + 4*u + 5. Let b be s(-4). Let v = 10 + -6. Suppose -3*z - v = -b*z. Calculate the greatest common factor of z and 2.
2
Suppose 4*s - 4 - 56 = 0. Suppose -c = -4*g + 299, -5*g - c = c - 377. Calculate the highest common divisor of g and s.
15
Suppose k - 88 = 24. Let c be 1/(1/4) - -1. Suppose 64 = c*j - j. Calculate the greatest common factor of j and k.
16
Let k(y) = 4*y**3 + 2*y**2 + 2*y + 3. Let u be k(-2). Let b be (-178)/(-10) + (-5)/u. Calculate the highest common factor of 45 and b.
9
Let p be (-262)/(-3)*12/(-8). Let y = p + 243. Calculate the greatest common factor of y and 16.
16
Let p(i) = -4 + 2*i**2 + i**2 + 2*i - 2*i**2. Let o be p(-5). What is the greatest common divisor of 88 and o?
11
Let z be ((-9)/(-2))/(10/340). What is the greatest common factor of z and 17?
17
Suppose 0*m - m = 0. Let b(o) = o + 100. Let f be b(m). What is the greatest common factor of 40 and f?
20
Let q = 15 + 15. Suppose 4*p + 2*v + 2*v = 0, p = 3*v. Suppose p = -t - 8 + 23. Calculate the highest common divisor of t and q.
15
Suppose 15 = 2*d + 3*h - 9, -60 = -5*d - 5*h. Calculate the highest common divisor of 36 and d.
12
Let n be -3 - -4 - 14/(-2). Let a = -3 + 6. Suppose a*b - 2 - 32 = 4*p, n = 4*p. What is the greatest common divisor of b and 2?
2
Let u(v) = v**3 + 4*v**2 - 4*v + 6. Let z be u(-5). Let o = z + 1. Suppose -2*t + 1 = -t. Calculate the highest common factor of o and t.
1
Suppose 4*y - 5*y = -12. Let x(s) = 3*s + 9. Let o be x(7). Calculate the greatest common divisor of y and o.
6
Suppose 19*c + 315 = 22*c. Calculate the highest common factor of c and 15.
15
Let b(k) = -700*k + 2. Let f be b(-1). Let s = -427 + f. What is the highest common divisor of 25 and s?
25
Suppose -2*u - k + 2 = 2*k, -2*k - 36 = -4*u. Let f = -4 + u. Suppose -f*y + 292 = -71. What is the highest common divisor of y and 11?
11
Let u = 13 - 211. Let h be 1*u/4*-2. What is the highest common factor of h and 11?
11
Suppose -3*n - 125 = -8*n. What is the highest common divisor of 225 and n?
25
Let v = -12 + 17. Suppose v*u - 2*u = 24. Let l(c) = 10*c**2 - 2*c + 4. Let z be l(3). What is the highest common factor of z and u?
8
Let i = -9 - -29. What is the greatest common factor of 10 and i?
10
Let i(g) = -g**2 + 5*g + 4. Let o be i(5). Suppose -3*t + 63 = -3*z, -z - o*z + 35 = 2*t. What is the greatest common factor of 5 and t?
5
Let f be 3*-47*1/3. Let h = f - -128. Suppose -3*c + 30 - 3 = 0. What is the greatest common factor of c and h?
9
Let r be 390/4*(-8)/(-12). What is the highest common divisor of 13 and r?
13
Suppose 0*m - 4*m - 8 = 0, 0 = 3*p - 3*m - 42. Let a(x) = x**2 + 6*x + 8. Let d be a(-6). What is the highest common factor of p and d?
4
Let b be (1 + 0 + 2)*1. Suppose 2*n + 10 = 0, -2*n - 23 = 3*l - n. Let h be b + l/2 - -10. What is the greatest common divisor of h and 10?
10
Suppose 1 = 4*q - 3, 96 = 5*x - 4*q. Suppose 8*